 - 657, -x = 4*d - 2712. Is d prime?
True
Let v(m) = m**3 + 14*m**2 - 15*m - 9. Let j be v(-15). Is 8/(48/j)*(-28)/6 composite?
False
Let x(b) = 562*b**2 - 41*b - 643. Is x(-10) composite?
False
Let u(t) = -56*t + 9*t + 20*t**2 + 10*t + 2 - 4. Is u(15) a composite number?
False
Let p(k) be the second derivative of 104*k**4 - k**2/2 - k. Let g be p(1). Suppose 5*n - g = 1958. Is n a prime number?
True
Let u(g) = 710*g**3 + g**2 - 5*g - 7. Let o be u(4). Suppose -o = -3*r - 2*n + 15532, 2*r - 40662 = 4*n. Is r a prime number?
True
Let y(x) = 150*x - 70. Let m be y(-7). Let t = 1991 + m. Is t a prime number?
False
Suppose -3*q - 97 = -787. Suppose 3*l + 1164 = -5*a, -q = a + 5*l - 3*l. Let f = a + 375. Is f a composite number?
True
Suppose i = 4*k + 190557, -16*i + 381132 = -14*i + k. Is i composite?
True
Let k = -1602 - -2353. Is k composite?
False
Suppose -5*p = -3*i + 92037, -135*p + 131*p = -i + 30679. Is i a composite number?
True
Let b = -75 - -73. Let v be -3 - b*(1 - -792 - -1). Suppose -h + v = 4*k, -h + 1 = -k + 391. Is k a composite number?
True
Let p = -429 - -42111. Suppose -p = 10*z - 16*z. Is z composite?
False
Suppose 3*z = 4*z - 1446. Let l = 10692 + -8299. Suppose 3*h = -q + z, 0*h + 5*h - 4*q - l = 0. Is h a composite number?
True
Let m(j) be the second derivative of 100*j**4/3 - 5*j**3/3 + 5*j**2/2 - 3*j + 9. Is m(-3) a composite number?
True
Is (((-29)/(-4))/(-1))/(219/(-805044)) prime?
False
Suppose 4*h - 130 = -6. Suppose h*p - 3*p - 15428 = 0. Is p a prime number?
False
Suppose 3 = -n + 2*v - 6, -6 = 2*n - v. Let j(c) = c**2 - 11*c - 55. Let d be j(15). Is d + -1 - n*7 composite?
False
Let k(l) = -l**3 - 6*l**2 - 2*l - 6. Let c be k(-6). Let w(s) = 10*s**3 + 4*s**2 + 7*s - 13. Is w(c) a composite number?
False
Suppose -3*r - 2 = 4. Let s(m) = 146 - 147*m + 153 - 443 + 145 + 22*m. Is s(r) a prime number?
True
Is 6/39 + ((-5379325)/(-65) - -6) a composite number?
True
Suppose -43*o - 5*o + 1306848 = 0. Is o prime?
False
Let j(m) = -m**3 - 5*m**2 - 6*m - 4. Let a be j(-4). Suppose g = 5*s - 31, 3*s + 3*g - a = 11. Suppose -s*h = -5*h - 717. Is h a composite number?
True
Suppose 4 = -4*y - 4. Let x be ((-372)/3 + y)*2/(-3). Suppose -3*q + 993 = x. Is q a composite number?
True
Suppose -25 = -3*c - 2*c. Suppose 6*t - 27 = c*t. Suppose 33*a - t*a - 11814 = 0. Is a prime?
False
Suppose -2*n + 0*d + 22718 = 5*d, n + 5*d - 11349 = 0. Is n composite?
False
Suppose 94 = -5*p + s, -3*p = -3*s - 4 + 70. Let o(c) = -4*c + 62. Is o(p) a composite number?
True
Let s = -261 - -274. Suppose 4*f + s*f = 697187. Is f a composite number?
False
Suppose 32*c = 17*c + 132870. Let p = c - 2415. Is p composite?
True
Let a(y) = 34*y - 651. Let f be a(19). Let m(v) = 7*v**2 + 114*v + 18. Let r(j) = 2*j**2 + 38*j + 6. Let o(i) = -3*m(i) + 8*r(i). Is o(f) composite?
False
Is 242053 + 4*3/5*(-35)/(-21) composite?
False
Suppose -83*b + 21344021 - 1898004 = 3098254. Is b a prime number?
True
Is (-646297)/(10 - (-3 - -14)) a composite number?
True
Is -15 - -3 - (-4 + -91015) a composite number?
True
Let k be 4/(-1 - 3) - -10977. Suppose v + 3*v + 4*b + k = 0, -3*v - 4*b = 8229. Let r = -1788 - v. Is r prime?
False
Let s be (3 - 2)/(1/2327). Suppose 39 = 5*i - 2*i. Suppose -4628 = -i*j + s. Is j a prime number?
False
Let b be (-3)/4*(-22 + 10). Let m(a) = -a**3 - 17 - b*a + 18 - 11*a**2 + a. Is m(-11) prime?
True
Suppose -194 = -4*p - 5*w + 3*w, -4*p - 4*w + 192 = 0. Suppose 0 = 48*t - p*t + 9466. Is t a composite number?
True
Let z(b) = 670*b**3 - b**2. Suppose -2*o = 4*j - 12, 6*j = -o + j + 9. Suppose -3*a + 3*c = -18, a - o*c - 17 = 4*a. Is z(a) a prime number?
False
Suppose 7681151 + 7041829 = 47*t + 13*t. Is t composite?
False
Suppose 2*k + 3*g - 255904 = 239154, -2*g = 4*k - 990084. Is k a prime number?
False
Let m(b) = b**3 - 5*b**2 - 2*b + 46. Let v be m(6). Suppose 0 = -59*d + v*d - 4521. Is d a prime number?
False
Let f(q) = 18*q + 492. Let y be f(-27). Suppose 0 = -y*n - 5858 + 109568. Is n composite?
True
Is 615567 - 0 - (109 + -131) prime?
False
Let x(h) = -31*h - 17. Let l be x(-4). Suppose -b + l = -372. Suppose -j + c = -0*c - 471, -j = -5*c - b. Is j a prime number?
False
Let m = 2658 + -1347. Let z = m + -422. Is z prime?
False
Let b = 73266 + -37025. Is b a prime number?
True
Let k = -298670 + 555597. Is k prime?
False
Let j = -63377 + 146151. Is j composite?
True
Suppose -b = -5*f - 9056, -489 - 3131 = 2*f - b. Let p = -305 - f. Is p composite?
True
Let a(o) be the first derivative of 311*o**3/3 - o**2 - o - 14. Let y be a(-1). Suppose -1557 = -5*n - 2*s, -y = n - 2*n - s. Is n a prime number?
True
Suppose -5 = -j - f, -4 = j - 7*f + 5*f. Is -2*((-1350)/(-8) + j)*-14 a composite number?
True
Let c be 10287210/(-210) - 2/7. Is 1/((-4)/c) + (-241)/(-964) composite?
True
Let p(a) = -3*a - 8. Suppose -2*v = -5*o - 0*v - 7, 0 = -2*o - 4*v - 22. Let t be p(o). Let j(s) = 2707*s - 2. Is j(t) a composite number?
True
Let p(v) be the third derivative of 7*v**5/60 - 9*v**4/8 - 11*v**3/6 - 3*v**2 - 10. Is p(-9) a prime number?
False
Let u(l) = -l**2 - 44*l - 18. Let q be u(-44). Is q/(-162) + (-25100)/(-9) composite?
False
Let s(j) = 2775*j**3 + 2*j**2 + j - 3. Let d be s(1). Let x = -1516 + d. Is x composite?
False
Let b(i) = i**2 - 2*i + i**2 + 0*i**2 - 362*i**3 + 352*i**3. Let n be b(1). Is ((-308)/(-6))/2 + n/15 prime?
False
Suppose 0 = 2*x + 4*h - h - 42351, 4*h + 4 = 0. Suppose -3*c = -3*n + 12933, -5*n - 5*c = -x - 338. Is n a prime number?
False
Suppose 2*k - f = -42 - 57, 0 = -4*f + 12. Let r = 53 + k. Suppose -r*v + 8743 = 2*v. Is v prime?
True
Let d(m) = 342*m**2 - 14*m - 71. Let x be d(-4). Suppose -2254 - x = -11*u. Is u a composite number?
False
Let m(i) be the second derivative of i**6/60 + i**5/60 - 17*i**4/24 + 17*i**3/6 - 6*i. Let k(t) be the second derivative of m(t). Is k(7) a composite number?
True
Suppose 0 = -4*y - 20, 0 = 3*p + 3*y - 35510 - 12844. Is p composite?
True
Let m(l) = -11 - 562*l + 56 + 83 + 981*l. Is m(22) a prime number?
False
Is (-243790)/(-4)*(-3842)/(-565) composite?
True
Is (6/(-2))/(294/(-13308302)) a composite number?
False
Suppose -42*s = -43*s + 3. Suppose 4*w - 4*a - 44640 = 0, s*a - 44625 = -4*w + 2*a. Is w a prime number?
False
Let v(j) = -j**3 - 48*j**2 - 90*j + 111. Let d be v(-46). Suppose d*m - 15*m = 4*l - 40496, 3*l - 30362 = 5*m. Is l composite?
True
Let f be (4 - 3)/(-1) + 73. Is 221724/f - (-2)/(-4) a composite number?
False
Let u be (-6793948)/(-595) + 2*(-1)/5. Let j = -5329 + u. Is j prime?
True
Suppose -d - 3259 - 425 = -5*s, 0 = 2*d + 8. Suppose 3*c + s = 2*f - 6*f, -c - 3*f = 237. Let t = c + 443. Is t a composite number?
False
Let m be (-840)/100 - 4/(-10). Let c be (85/(-68))/(2/m). Is 44 - ((-1)/c + 18/(-10)) a prime number?
False
Let u(q) = -1223*q + 86. Let f be u(-5). Suppose -9025 = -2*r + f. Is r composite?
True
Suppose -5*u - u - 6 = 0. Let c be u - 9/((-45)/173920). Is 1/(c/190883 - (-4)/(-22)) a prime number?
False
Let x = 86 + -65. Let a = -105 + x. Is 3678/14 + 8/a*-3 a prime number?
True
Let x(w) = 4582*w + 3404. Is x(27) prime?
False
Let k(x) = 29*x**2 - 13*x - 161. Suppose -432 = 6*w - 396. Is k(w) a prime number?
False
Let l = 375 - 369. Is 49266/7 + 7 - l a prime number?
True
Suppose 305 = -11*i - 685. Is (-15)/(i/80184) - -3 a composite number?
False
Let q be (-45)/(-225) - 1/(5/(-24)). Suppose 0 = q*s - 5, s = -3*w + 3*s + 29155. Is w a composite number?
False
Suppose -40 = -3*h - 5*o, -h + 3*o = -3*h + 25. Suppose h*d + 18 = 2*d. Is (-1)/(-2)*(d - 634*-2) composite?
False
Let s(m) = -41395*m - 223. Is s(-42) a composite number?
True
Let q be 1*(-1 - -1) - (-108 + 2906). Is q/((-8)/10*(-5)/(-2)) a prime number?
True
Let w be (-5 - (-3)/3) + -18016. Let z = w - -30591. Is z/9 - (-16)/72 composite?
True
Let w(c) = -9*c - 192. Let p be w(-17). Is 119049/14*(-26)/p prime?
True
Suppose 0 = 80*y - 3088658 + 633378. Is y a composite number?
True
Suppose 52*j + 904764 = 64*j. Is j a composite number?
True
Let i = -158071 - -238104. Is i composite?
True
Suppose 0 = 54*h - 48*h + 53688. Let b = h + 16245. Is b composite?
False
Let l(v) be the third derivative of 391*v**4/2 + 13*v**3/6 + 2*v**2 - 51. Is l(1) a prime number?
False
Suppose -37*d - 11094128 = 118*d - 548021